 -28 = 2*n + 3*g, 2*n - 4 = 4*g - 18. Let j = 1 - 0. Calculate the remainder when 39 is divided by (8 - j)/(n/(-22)).
11
Let a(l) = 67*l. Let v be a(1). Let h = v + 101. Suppose i + i - h = 0. What is the remainder when i is divided by 29?
26
Suppose -555 = -8*r - 123. What is the remainder when 198 is divided by r?
36
Suppose 166 = 4*q + 66. Calculate the remainder when 149 is divided by q.
24
Let m = 22 + -20. Suppose j = m*l + 6, 7*j = 2*j - 2*l + 54. What is the remainder when (-76)/(-6)*(3 - 0) is divided by j?
8
Let p = -1134 + 1350. What is the remainder when 657 is divided by p?
9
Suppose 5*n + 4*n = 45. Let i(r) = -18*r**3 - r**2 - 4. Let v(a) = 1. Let b(t) = i(t) + 4*v(t). What is the remainder when b(-1) is divided by n?
2
What is the remainder when ((-4)/10)/(13/((-161785)/38)) is divided by 19?
17
Let g(b) = 19*b + 16*b - 41*b + 12. Suppose 4*n + 3*p - 41 - 162 = 0, p = 4*n - 183. Calculate the remainder when n is divided by g(0).
11
Let c = -645 - -674. Calculate the remainder when 288 is divided by c.
27
Suppose 4*q - 30 = -o, 0 = -2*o - 2*q + 3*q + 78. Suppose 4*l + 0*l = 2*m - o, 4*l = -2*m + 14. Calculate the remainder when (-3)/(-9) + 107/3 is divided by m.
10
Let o = -23 - -34. Calculate the remainder when 74 is divided by o.
8
Suppose 14 = b - 10. What is the remainder when (0 - 2/5)/(82/(-14555)) is divided by b?
23
Suppose -2*i = -0*i + 6, 0 = -4*d + i + 47. Suppose 2*z - 51 = 29. Suppose 0 = -2*p + v + z, 2*v = -p - 2*p + 60. What is the remainder when p is divided by d?
9
Let a = 17 + -14. Suppose 0 = w + w + 4*f - 94, -5*w - 3*f = -200. Calculate the remainder when w is divided by 24 - 2 - 0 - a.
18
Let x(o) = o**3 + 8*o**2 - 5*o - 20. What is the remainder when 186 is divided by x(-4)?
58
Let n(t) = t**3 + t + 314. Calculate the remainder when n(0) is divided by 35.
34
Let z be (-133)/21 + (-1)/(-3). Let o(w) = w**2 + 4*w - 8. What is the remainder when o(z) is divided by 3?
1
Let j = 626 - 441. What is the remainder when j is divided by 17?
15
Let d(f) = 15*f - 11. Suppose -4*u + 36 = 5*u. Calculate the remainder when d(u) is divided by 18.
13
Let f(a) = a - 8. Let j(r) = -2*r + 15. Let d(o) = 13*f(o) + 6*j(o). Let p be d(5). What is the remainder when 15 is divided by (p/(-4))/((-3)/(-12))?
6
Suppose 0*z = 4*z - 8. Suppose w - 15 = -2*v, 5*v - 2 = -z*w + 29. Calculate the remainder when (-8)/36 - (-3350)/90 is divided by w.
11
Suppose -150 = -24*z + 186. Calculate the remainder when 180 is divided by z.
12
Let b(w) = -w**3 - 4*w**2 - 4*w + 5. Let g = -19 + 15. Calculate the remainder when b(g) is divided by 4.
1
Suppose -250 = -4*u + 2*u. Suppose -16*q + 7*q + 1 = -188. What is the remainder when u is divided by q?
20
Suppose -w - 5 + 153 = 0. Calculate the remainder when w is divided by 38.
34
Let w be (-7 - -1)/((-12)/48). Suppose -8*r + 96 = -w. Calculate the remainder when 73 is divided by r.
13
Let i = 844 - 838. Calculate the remainder when 778 is divided by i.
4
Let a(t) = t**3 + 7*t**2 + 5*t + 4. Let c(r) = r**2 - r - 5. Let d be (-2 + 1)*3 - -3. Let m be c(d). What is the remainder when a(m) is divided by 8?
5
Suppose -260 = 2*u - 6*u. What is the remainder when u is divided by (1 - 35)*(3/2)/(-3)?
14
Suppose -52 = -6*d + 3*d - 2*o, 0 = -2*o - 8. Let v = -1257 + 1263. Calculate the remainder when d is divided by v.
2
Let d(p) = p**2 - 9*p - 22. Let i be d(24). Let c = i + -208. Calculate the remainder when c is divided by 19.
16
Suppose -2018 = 3*a - 2294. What is the remainder when 92 is divided by a?
0
Let d(f) = -f - 12. Let l be d(-12). Let p = 26 - l. Calculate the remainder when 75 is divided by p.
23
Let m = 11 + -2. Let t(a) = -a**3 + 8*a + 8. Let y be t(-2). Suppose y = 136*p - 132*p - 16. Calculate the remainder when m is divided by p.
1
Suppose 36*j = 39*j - 42. Suppose -9*y = -j*y + 10. Calculate the remainder when 3 is divided by y.
1
Suppose -9*m + 165 = 21. Calculate the remainder when 127 is divided by m.
15
Suppose -4*y = 1 - 13. Suppose y*r + 2*r = 4*q + 126, 3*q = -r + 29. Let m = -77 - -84. Calculate the remainder when r is divided by m.
5
Let w(x) = -12*x - 1 + 0*x + 26*x**2 - 25*x**2. What is the remainder when w(-5) is divided by 43?
41
Let k(v) = 3*v - 13. Let r be k(6). Suppose 2*o + 16 = d, -r*d + 2*o = 13 - 77. Calculate the remainder when 44 is divided by d.
8
Suppose -74*v + 63*v = -242. Calculate the remainder when v is divided by 17.
5
Let g(s) = s**2 - 13*s - 31. Let c be ((-4)/(-6))/((-4)/(-102)). What is the remainder when 182 is divided by g(c)?
34
Suppose 0 = 89*c - 19*c - 2170. Let r(m) = -77*m. What is the remainder when r(-2) is divided by c?
30
Let x(f) be the first derivative of f**2/2 + 12*f - 8. Let v be x(-9). Suppose 0 = -2*r - v*r + 145. Calculate the remainder when r is divided by 8.
5
Calculate the remainder when 54 is divided by 31/2 + 2/4.
6
Let o(q) = 8 - 2*q - 3*q**2 - 2*q - 9*q - q**3 - 11*q**2. Let n be o(-13). What is the remainder when 17 is divided by (n/(-12))/(2/(-27))?
8
Let b = 147 + -57. Suppose 11*m - 108 - b = 0. Calculate the remainder when 32 is divided by m.
14
Let m be (3/2)/(1/58). Suppose 5*x + 16 = v - 32, m = 2*v - x. What is the remainder when v is divided by (6 - 5)/((-1)/(-23))?
20
Let g(d) = d**3 + 5*d**2 + 3*d + 1. Let v be g(-4). Suppose 0*p = -v*p + 80. Calculate the remainder when 30 is divided by p.
14
Let j = -46 + 39. What is the remainder when (1 + 0)*4 + j + 6 is divided by 2?
1
Suppose 0 = -5*n - 3*u + 21, -4*n + 36 = -0*u - 4*u. Let q be ((-24)/(-40))/((-2)/(-50)). Suppose 3 - q = -3*z. Calculate the remainder when n is divided by z.
2
Suppose -7 + 19 = 3*p. Suppose g - 2*m = m + 7, -p*m = 12. Calculate the remainder when g/(4/52*-2) is divided by 4.
1
Let h(j) = -3*j**2 - 18*j - 1. What is the remainder when 158 is divided by h(-4)?
20
Suppose 3*s = 2*o + 8, 0 = -4*o + 4*s - 5 - 11. Let g = o - -1. Let r = g + 7. What is the remainder when r is divided by 2?
0
Suppose -8 = 4*h - 52. Let c(f) = 4*f**3 - 2*f**2 + 1. Let b be c(1). Let i(o) = o**2 + 5*o - 3. What is the remainder when i(b) is divided by h?
10
Let u(k) = k**2 - 3*k + 4. Let i be u(2). Suppose -4*o - s = -0*s - 198, 3*s + 106 = i*o. What is the remainder when o is divided by 26?
24
Suppose 3*w = 4*w + 4. Let j be (2 + 4/8)*w. What is the remainder when ((-72)/(-10))/((-2)/j) is divided by 19?
17
Suppose 4*c + z + 94 - 567 = 0, -z - 112 = -c. Suppose -54 + 59 = -5*r, 0 = 3*a - 4*r - 55. What is the remainder when c is divided by a?
15
Suppose 0*n - 3*n = -5*l - 1134, -5*l = 4*n - 1512. Suppose -3*b + n = 3*a - 243, 3*b = -a + 205. What is the remainder when a is divided by 35?
33
Let k = 16 - -52. Calculate the remainder when k is divided by 35.
33
Suppose 6*o - 186 = -0*o. Let j = o - 0. Calculate the remainder when 153 is divided by j.
29
Suppose -443 = 21*k - 2144. Calculate the remainder when 196 is divided by k.
34
Suppose 3*z + 6*q = 5*q + 30, 10 = z - q. What is the remainder when z is divided by 7?
3
Let l = 13 + 29. Suppose 19*b - 45 = 16*b. What is the remainder when l is divided by b?
12
Let g = 756 + -111. Calculate the remainder when g is divided by 17.
16
Let u = 59 - 56. Suppose 2*n = 2*m - 40, 4*m - u*m = -n + 10. Calculate the remainder when 71 is divided by m.
11
Let v be -3 + 7/(7/3). Calculate the remainder when 37 is divided by (v - 9)*(-91)/39.
16
Let p = -9 - -39. Let i = 14 - 12. Suppose -3*n - 4 + 49 = 4*b, -4*n - i*b + 50 = 0. Calculate the remainder when p is divided by n.
8
Let v(t) = 2*t**2 - 8*t + 1. Let m = 3 + -1. What is the remainder when v(6) is divided by 4/m*(17 + -10)?
11
Suppose -x = -5*x + 144. Calculate the remainder when 34 is divided by (8/6)/(x/(-162))*-2.
10
Suppose 5*r - 70 = -5*z, z - 16 = -r + 2*r. Let v(p) = 2*p**2 - 13*p + 4. What is the remainder when v(-5) is divided by z?
14
Let d = 8611 - 4893. Calculate the remainder when d is divided by 15.
13
Let s(g) = -g**3 + 8*g**2 - 4*g - 1. Let z be 2 - (3 + -5) - -1. Calculate the remainder when s(z) is divided by 28.
26
Suppose 0 = -14*b - 16*b + 840. Calculate the remainder when 109 is divided by b.
25
Suppose 8*w = 10*w - g - 59, -4*w + g + 119 = 0. Calculate the remainder when 109 is divided by 4*57*5/w.
33
Suppose -4*f + 148 = 108. What is the remainder 